e factors of 1498?
2, 7, 107
What are the prime factors of 7747?
61, 127
What are the prime factors of 8841?
3, 7, 421
What are the prime factors of 874?
2, 19, 23
What are the prime factors of 977?
977
List the prime factors of 2327.
13, 179
List the prime factors of 24715.
5, 4943
List the prime factors of 3470.
2, 5, 347
List the prime factors of 2299.
11, 19
What are the prime factors of 2458?
2, 1229
List the prime factors of 84851.
13, 61, 107
What are the prime factors of 69241?
17, 4073
What are the prime factors of 55685?
5, 7, 37, 43
What are the prime factors of 17849?
13, 1373
What are the prime factors of 15691?
13, 17, 71
What are the prime factors of 107330?
2, 5, 10733
What are the prime factors of 5644?
2, 17, 83
What are the prime factors of 68991?
3, 13, 29, 61
List the prime factors of 50054.
2, 29, 863
List the prime factors of 3204.
2, 3, 89
List the prime factors of 6015.
3, 5, 401
List the prime factors of 5391.
3, 599
List the prime factors of 4411.
11, 401
What are the prime factors of 1161?
3, 43
List the prime factors of 3316.
2, 829
What are the prime factors of 3607?
3607
List the prime factors of 2418.
2, 3, 13, 31
List the prime factors of 2105.
5, 421
What are the prime factors of 4504?
2, 563
What are the prime factors of 83759?
13, 17, 379
List the prime factors of 5061.
3, 7, 241
What are the prime factors of 1528?
2, 191
What are the prime factors of 5056?
2, 79
List the prime factors of 4476.
2, 3, 373
What are the prime factors of 1217?
1217
What are the prime factors of 1886?
2, 23, 41
What are the prime factors of 584?
2, 73
List the prime factors of 2042.
2, 1021
What are the prime factors of 777?
3, 7, 37
What are the prime factors of 56844?
2, 3, 1579
What are the prime factors of 89560?
2, 5, 2239
What are the prime factors of 3796?
2, 13, 73
What are the prime factors of 2170?
2, 5, 7, 31
What are the prime factors of 2938?
2, 13, 113
What are the prime factors of 1086?
2, 3, 181
List the prime factors of 11185.
5, 2237
List the prime factors of 24413.
24413
List the prime factors of 993.
3, 331
What are the prime factors of 114182?
2, 37, 1543
List the prime factors of 1084.
2, 271
What are the prime factors of 68402?
2, 23, 1487
List the prime factors of 1239.
3, 7, 59
What are the prime factors of 30142?
2, 7, 2153
What are the prime factors of 23231?
13, 1787
List the prime factors of 2692.
2, 673
List the prime factors of 502.
2, 251
What are the prime factors of 4833?
3, 179
What are the prime factors of 12625?
5, 101
What are the prime factors of 2895?
3, 5, 193
List the prime factors of 63182.
2, 7, 4513
What are the prime factors of 426?
2, 3, 71
List the prime factors of 4514.
2, 37, 61
List the prime factors of 901.
17, 53
List the prime factors of 6012.
2, 3, 167
What are the prime factors of 2371?
2371
What are the prime factors of 340?
2, 5, 17
What are the prime factors of 6212?
2, 1553
What are the prime factors of 35822?
2, 17911
List the prime factors of 1514.
2, 757
What are the prime factors of 167915?
5, 11, 43, 71
What are the prime factors of 12498?
2, 3, 2083
What are the prime factors of 295?
5, 59
What are the prime factors of 8573?
8573
What are the prime factors of 35250?
2, 3, 5, 47
What are the prime factors of 138?
2, 3, 23
What are the prime factors of 6206?
2, 29, 107
What are the prime factors of 26066?
2, 13033
List the prime factors of 56217.
3, 7, 2677
What are the prime factors of 4500?
2, 3, 5
What are the prime factors of 10567?
10567
List the prime factors of 8047.
13, 619
What are the prime factors of 5149?
19, 271
List the prime factors of 636.
2, 3, 53
What are the prime factors of 27599?
11, 13, 193
List the prime factors of 425.
5, 17
List the prime factors of 11596.
2, 13, 223
What are the prime factors of 1067?
11, 97
List the prime factors of 1423.
1423
List the prime factors of 49364.
2, 7, 41, 43
List the prime factors of 1320.
2, 3, 5, 11
What are the prime factors of 13036?
2, 3259
What are the prime factors of 4206?
2, 3, 701
List the prime factors of 194501.
67, 2903
What are the prime factors of 702?
2, 3, 13
What are the prime factors of 150?
2, 3, 5
List the prime factors of 2504.
2, 313
What are the prime factors of 1443?
3, 13, 37
List the prime factors of 4851.
3, 7, 11
List the prime factors of 941.
941
What are the prime factors of 18916?
2, 4729
List the prime factors of 29794.
2, 14897
List the prime factors of 4347.
3, 7, 23
List the prime factors of 2798.
2, 1399
List the prime factors of 1530.
2, 3, 5, 17
What are the prime factors of 131163?
3, 43721
List the prime factors of 7623.
3, 7, 11
List the prime factors of 25582.
2, 12791
List the prime factors of 25052.
2, 6263
What are the prime factors of 204232?
2, 7, 521
What are the prime factors of 6031?
37, 163
List the prime factors of 54194.
2, 7, 79
List the prime factors of 438.
2, 3, 73
What are the prime factors of 5200?
2, 5, 13
What are the prime factors of 10312?
2, 1289
What are the prime factors of 190?
2, 5, 19
What are the prime factors of 86013?
3, 19, 503
List the prime factors of 27007.
113, 239
What are the prime factors of 10606?
2, 5303
List the prime factors of 2455.
5, 491
List the prime factors of 44508.
2, 3, 3709
What are the prime factors of 168?
2, 3, 7
What are the prime factors of 16299?
3, 1811
List the prime factors of 674.
2, 337
List the prime factors of 43411.
43411
List the prime factors of 2689.
2689
List the prime factors of 25271.
37, 683
What are the prime factors of 10376?
2, 1297
List the prime factors of 66927.
3, 7, 3187
List the prime factors of 47486.
2, 23743
What are the prime factors of 42202?
2, 21101
What are the prime factors of 1537?
29, 53
List the prime factors of 2278.
2, 17, 67
List the prime factors of 5891.
43, 137
What are the prime factors of 2595?
3, 5, 173
What are the prime factors of 33537?
3, 7, 1597
What are the prime factors of 1112?
2, 139
List the prime factors of 10234.
2, 7, 17, 43
What are the prime factors of 80952?
2, 3, 3373
What are the prime factors of 262?
2, 131
What are the prime factors of 68697?
3, 17, 449
What are the prime factors of 12374?
2, 23, 269
List the prime factors of 1215.
3, 5
What are the prime factors of 845?
5, 13
List the prime factors of 1941.
3, 647
What are the prime factors of 45413?
45413
What are the prime factors of 1019?
1019
What are the prime factors of 26496?
2, 3, 23
List the prime factors of 24475.
5, 11, 89
List the prime factors of 49240.
2, 5, 1231
What are the prime factors of 1998?
2, 3, 37
What are the prime factors of 1741?
1741
What are the prime factors of 419?
419
What are the prime factors of 1276?
2, 11, 29
List the prime factors of 1222.
2, 13, 47
List the prime factors of 24300.
2, 3, 5
List the prime factors of 88310.
2, 5, 8831
What are the prime factors of 44789?
44789
What are the prime factors of 5771?
29, 199
List the prime factors of 8806.
2, 7, 17, 37
List the prime factors of 25535.
5, 5107
List the prime factors of 7625.
5, 61
What are the prime factors of 3332?
2, 7, 17
List the prime factors of 45704.
2, 29, 197
What are the prime factors of 3178?
2, 7, 227
What are the prime factors of 5099?
5099
List the prime factors of 1571.
1571
List the prime factors of 100949.
29, 59
List the prime factors of 17840.
2, 5, 223
What are the prime factors of 7408?
2, 463
List the prime factors of 90059.
90059
List the prime factors of 9385.
5, 1877
List the prime factors of 973.
7, 139
List the prime factors of 4797.
3, 13, 41
List the prime factors of 60194.
2, 30097
List the prime factors of 52030.
2, 5, 11, 43
List the prime factors of 3524.
2, 881
List the prime factors of 170.
2, 5, 17
What are the prime factors of 89163?
3, 9907
What are the prime factors of 47072?
2, 1471
What are the prime factors of 978?
2, 3, 163
What are the prime factors of 3288?
2, 3, 137
What are the prime factors of 810?
2, 3, 5
List the prime factors of 72570.
2, 3, 5, 41, 59
What are the prime factors of 8657?
11, 787
List the prime factors of 73811.
31, 2381
List the prime factors of 6601.
7, 23, 41
List the prime factors of 1285.
5, 257
What are the prime factors of 4962?
2, 3, 827
What are the prime factors of 16521?
3, 5507
What are the prime factors of 49813?
109, 